f d and 85?
17
Suppose 10*j - 8*j - 20 = 0. What is the greatest common divisor of j and 70?
10
Suppose -z + 3*z = -2. Let o(t) = -4*t**3 - t**2 + t + 2. Let r be o(z). Calculate the greatest common factor of r and 16.
4
Let v = -2 + 6. Let p be (-30 + -2)*(-2 - -1). Let d = -20 + p. Calculate the greatest common factor of v and d.
4
Let z be 533/4 + (-2)/8. Let y be 6 - (-1)/2*-4. Suppose 0 = 4*o - 3*w - 79, 7*w - y*w = -3*o + 54. Calculate the greatest common factor of z and o.
19
Let s be (-10)/4*18/(-1). Let d(t) = 2*t**2 + 10*t + 15. Let o be d(-5). What is the greatest common factor of o and s?
15
Suppose 0 = 4*u - u - 21. What is the highest common factor of u and 14?
7
Let b(z) = -z**2 - 7*z - 3. Let v be b(-5). Suppose 0*i = i - 4. Suppose -2*d = 2*p - 4, p + 0*p = -i*d + 5. What is the highest common factor of d and v?
1
Let m(a) = a**3 + 3*a**2 - 3*a + 4. Let j be m(-4). Suppose -48 = -w - j*w. Suppose -u - 96 = -4*u. Calculate the greatest common factor of w and u.
16
Suppose -5*p - 13 = -2*s, 25 = 5*s - 3*p - 2*p. Suppose -2*o + s = -12. What is the highest common factor of 8 and o?
8
Let t = 1 - 29. Let a = t + 56. What is the greatest common factor of a and 4?
4
Let u be (-6)/9*3 - -9. Let f = -44 + 134. Suppose 2*t = u*t - f. What is the greatest common factor of t and 144?
18
Let u be (-12)/(-9)*3 + -1. Let w = 46 + -19. Calculate the greatest common divisor of w and u.
3
Suppose 0 = 4*a - 4*t + 7 + 9, 16 = -4*a - t. Let s be a*((-36)/8 - 3). What is the highest common divisor of s and 270?
30
Let v(j) = 12*j**2 - 2*j. Let g be v(1). Let l(k) = 2*k - 2*k**2 + 39*k**3 - k - 1 + 3*k**2. Let u be l(1). Calculate the greatest common divisor of g and u.
10
Suppose -t = 5*x - 3*t - 9, 4*x - 14 = 5*t. Let j be -4*x*21/(-6). Calculate the highest common factor of 21 and j.
7
Suppose y + 23 = 4*n - 40, 0 = 3*n + 4*y - 33. Suppose -c + 4 = 0, -4*w - w - 3*c + 37 = 0. Calculate the greatest common divisor of n and w.
5
Suppose -4*r - 5*q = -33, -3*r = 6*q - 2*q - 24. What is the highest common divisor of 4 and r?
4
Let r(v) = -8*v + 2. Let y be r(-6). Suppose 0 = -4*p + y - 10. Suppose 0 = -0*u - u + p. What is the highest common divisor of 40 and u?
10
Let o = 7 + -8. Let c be 11 + o + 0 + 2. Calculate the highest common divisor of 60 and c.
12
Let n be ((-8)/6)/(4/(-6)). Let c(d) = 100*d**2 - 6*d + 6. Let s be c(-5). Let f be n/(-5) - s/(-40). What is the highest common divisor of 9 and f?
9
Suppose 0 = -4*g + 5*x + 100, -3*g + 3*x = -2*g - 32. Calculate the greatest common factor of 8 and g.
4
Let o = 23 + -11. Let n be (-3 - (-135)/35)*42. What is the highest common factor of o and n?
12
Let p(r) = r. Let k be p(5). Suppose k*x + 4*h = 37, -5*x = -6*x - 3*h + 3. Let u be 993/x + 3/(-9). What is the highest common divisor of 10 and u?
10
Let l be (-45)/2*(-48)/60. Calculate the highest common factor of l and 72.
18
Let i be 92 - (1 - 6 - -10). What is the greatest common factor of 29 and i?
29
Let z be (-2)/(-3) - (-453)/9. What is the highest common factor of z and 34?
17
Let h = -101 - -195. Let j = -192 + h. Let s = 210 + j. Calculate the highest common factor of s and 14.
14
Suppose 209 = 2*o - 47. Suppose 29 = i + 2*z, -5*z = 3*i + i - o. Suppose 4*u - 7 = i. What is the highest common divisor of 66 and u?
11
Let y(p) = 2*p**3 - 6*p**2 + 2*p - 5. Let h be y(4). Suppose 3*m - n - 25 = 0, 23 = m - 0*m - 4*n. What is the greatest common factor of h and m?
7
Suppose 0 = 2*o + 3*s - 11, -s + 0*s = -3. Let d be (2 - 1) + 1 + o. Suppose 11 = 3*a - 2*j, 4*j - 3*j + d = a. Calculate the highest common divisor of a and 5.
5
Suppose 4*i + 12 = 0, -14 - 2 = -4*z + 4*i. Suppose -t = -z - 5. Calculate the greatest common divisor of t and 9.
3
Let s = -10 + 36. What is the highest common divisor of 65 and s?
13
Let d(i) = 3*i - 21. Let w be d(11). Let s be 5/3 - (-1)/3. Calculate the highest common factor of w and s.
2
Let y = 5 + -1. Let n(m) = 4*m - 2. Let r(s) = s - 1. Let v be r(3). Let z be n(v). Calculate the highest common divisor of y and z.
2
Let z = -26 + 42. Let a be (-20)/25*-5*1. What is the highest common factor of a and z?
4
Let n(i) = 1 + i**3 + 0 + i**2 + 7 + i. Suppose 6*j = j. Let p be n(j). What is the highest common divisor of p and 64?
8
Suppose -5*l + 2*h = 5*h - 231, 0 = -5*h - 15. Calculate the highest common factor of l and 12.
12
Suppose -81 = -3*f - 3*g, -2*g + 27 = f - 0*f. What is the greatest common divisor of 135 and f?
27
Let a(t) = -240*t - 1. Let g be a(-1). Let b = g - 154. What is the greatest common divisor of b and 17?
17
Suppose 4*x + 35 + 85 = 0. Let b = -7 + 3. Let s be x/(-9)*(-6)/b. Calculate the highest common factor of 10 and s.
5
Let n = -1 - -5. Suppose -n*d + 18 = -22. What is the greatest common factor of d and 110?
10
Suppose 5*r - 18 = -j, -2*r - 3*j = -6*j - 14. Suppose 0 = -g - 5*s - r, -5*s - 28 + 8 = 0. What is the greatest common factor of g and 2?
2
Suppose -3*h + 14 = 4*x - 12, 2*x - 22 = -3*h. Suppose 40 = -2*u + u. Let d be (18/(-4))/(6/u). Calculate the greatest common divisor of h and d.
6
Let v be ((-6)/3)/((-3)/15). Calculate the highest common factor of v and 15.
5
Let n(o) = -4*o**3 + 5*o - 3. Let a be n(-3). What is the highest common factor of 20 and a?
10
Suppose -9 = i - 4*n, 0 = 2*i + 2*n - 4*n. Let m be 0/(-1 - 3/(-1)). Suppose m*j - 3 = -j. What is the highest common divisor of i and j?
3
Let i(s) = s**3 - 6*s**2 + 5*s + 5. Let p be i(5). Suppose 5*u + 25 = 0, -4*b + b + p*u + 49 = 0. What is the highest common factor of 4 and b?
4
Suppose -5*q = 131 - 16. Let u = -12 - q. Calculate the greatest common factor of u and 22.
11
Let z be 1 + -3 - 12/(-2). Suppose 1 = b + 2*l - 5, 0 = -b - 4*l - z. Let m = 102 - -26. Calculate the greatest common divisor of m and b.
16
Suppose 2*y - 5*y + 121 = -x, -158 = -4*y + 2*x. Calculate the highest common factor of y and 6.
6
Suppose 4*w = 8, 5*l = -5*w + 17 + 8. What is the highest common divisor of l and 3?
3
Let m(v) = -6*v - 2. Let w be m(-2). Let a = 184 + -154. Calculate the highest common factor of a and w.
10
Let o(p) = -p**3 - 11*p**2 + 15*p + 6. Let g be o(-12). Let r be (9/2)/(g/(-40)). Let n = 29 - -13. Calculate the greatest common factor of n and r.
6
Let o(g) = 15*g - 1. Let u be o(1). Let c = -11 - -7. Let v = u + c. Calculate the highest common divisor of 70 and v.
10
Let a = 50 - -37. Let m = 351 - a. Calculate the greatest common factor of m and 24.
24
Let z be (2 - 2) + -2 + 0. Let w = z - -12. Let r = w - -14. What is the greatest common factor of 36 and r?
12
Let l(m) = 4*m**2 - 10*m + 6. Let h be l(6). What is the greatest common factor of h and 135?
45
Let g = -119 - -159. Let n be (1 - -11)/(6/4). Calculate the greatest common divisor of n and g.
8
Let d be (3/2)/((-3)/(-102)). Calculate the greatest common divisor of 3 and d.
3
Let q(k) = -k + 11. Let u be q(8). Suppose -2*b + 7*b = 135. Calculate the greatest common factor of b and u.
3
Let u(s) = -2*s + 4. Let d be u(-10). Calculate the greatest common factor of d and 48.
24
Let o(v) = 25*v - 9. Let m be o(6). Let f = m - 100. Let l = -21 + f. What is the highest common divisor of l and 20?
20
Let n(v) = -v + 26. Let j be n(0). Suppose a + 0 - 3 = 0. Suppose a*t - 260 = -t. Calculate the highest common factor of j and t.
13
Suppose -2*u + 26 = q, -2*q - 25 = -0*u - 3*u. Let n = u + -5. Let p be ((-6)/(-8))/((-2)/(-128)). What is the greatest common factor of n and p?
6
Suppose -2*s - 2 = -6. Let j be 1 + 2 - (1 - s). Calculate the greatest common divisor of j and 10.
2
Let o(h) = 5*h**3 - h**2 + h + 1. Let d be o(-1). Let a be (-356)/d + 4/6. Suppose 320 = -6*n + 14*n. Calculate the highest common divisor of n and a.
20
Let d = 11 - 32. Let y = 35 + d. Let r(a) = -a**3 - 11*a**2 - 14*a + 2. Let g be r(-10). Calculate the greatest common factor of g and y.
14
Suppose 5*w - 15 = 0, 2*g + 0*w = -3*w + 65. Let x = 46 - g. Calculate the highest common divisor of 9 and x.
9
Suppose -3*k = -l - 7*k + 43, l = 3*k + 78. Suppose 36 = -10*z + 106. Calculate the greatest common divisor of l and z.
7
Let j be ((-3 - -3) + -1)*-3. What is the greatest common factor of 9 and j?
3
Suppose 21 + 19 = 2*k. Let d(j) be the third derivative of -j**4/12 - j**3/6 + 3*j**2. Let